{"id":231,"date":"2024-04-30T10:55:50","date_gmt":"2024-04-30T08:55:50","guid":{"rendered":"https:\/\/oh-mobility.com\/?page_id=231"},"modified":"2024-05-05T14:41:18","modified_gmt":"2024-05-05T12:41:18","slug":"nos-prestations","status":"publish","type":"page","link":"https:\/\/oh-mobility.com\/?page_id=231","title":{"rendered":"Nos Prestations"},"content":{"rendered":"\n\n\n<h2>Expert en Relocation<\/h2>\n\n\n\n\n\n\n\n\n\nNos Prestations\n\n\n<p align=\"center\"  style=\"color:#344575;\">Recherche<br>Immobili\u00e8re<\/p>\n\n\n<h2>Recherche de Logement Personnalis\u00e9e<\/h2>\n<p style=\"line-height: 1.5;\">Nous comprenons que chaque personne a des besoins uniques.<br>\nC&#8217;est pourquoi notre \u00e9quipe d\u00e9vou\u00e9e travaille en \u00e9troite collaboration avec ;vous pour identifier le logement id\u00e9al en fonction de votre budget, de vos pr\u00e9f\u00e9rences; de quartier et de vos crit\u00e8res sp\u00e9cifiques.<\/p>\n\n\n\n\n<p align=\"center\"  style=\"color:#344575;\">D\u00e9marches<br>Administratives<\/p>\n\n\n<h2>Gestion des D\u00e9marches Immobili\u00e8res<\/h2>\n<p style=\"line-height: 1.5;\">\u00c9pargnez-vous le stress des n\u00e9gociations et des formalit\u00e9s. Nous traitons directement avec les agences immobili\u00e8res de Montpellier pour garantir une recherche efficace et des transactions sans tracas.<\/p>\n\n\n\n\n<p align=\"center\"  style=\"color:#344575;\">Installation<br>Facilit\u00e9e<\/p>\n\n\n<h2>Une Installation Sans Prise de T\u00eate<\/h2>\n<p style=\"line-height: 1.5;\">De la souscription des contrats d&#8217;eau et \nd&#8217;\u00e9lectricit\u00e9 \u00e0 l&#8217;organisation du d\u00e9m\u00e9nagement, nous prenons en charge toutes les d\u00e9marches pratiques. Concentrez-vous sur votre nouvelle vie \u00e0 Montpellier, nous nous occupons du reste.<\/p>\n\n\n\n\n\n\n<h1>Pourquoi Choisir Occi&#8217;Home ?<\/h1>\n\n\n\n\n<h3>Expertise Locale :<\/h3>\n<p style=\"color:#344575;\">Notre connaissance approfondie du march\u00e9 immobilier \u00e0 \nMontpellier garantit des recommandations avis\u00e9es.<\/p>\n<h3>Service Personnalis\u00e9 :<\/h3>\n<p style=\"color:#344575;\">Chaque relocation est unique. Nous nous adaptons \u00e0 vos besoins \nsp\u00e9cifiques pour une exp\u00e9rience sur mesure.<\/p>\n<h3>Gain de Temps et d&#8217;\u00c9nergie :<\/h3>\n<p style=\"color:#344575;\">Lib\u00e9rez-vous des tracas logistiques. Nous sommes l\u00e0 pour \nsimplifier votre transition.<\/p>\n\n\n","protected":false},"excerpt":{"rendered":"","protected":false},"author":1,"featured_media":0,"parent":0,"menu_order":0,"comment_status":"closed","ping_status":"closed","template":"","meta":{"om_disable_all_campaigns":false,"_monsterinsights_skip_tracking":false,"_monsterinsights_sitenote_active":false,"_monsterinsights_sitenote_note":"","_monsterinsights_sitenote_category":0,"footnotes":""},"class_list":["post-231","page","type-page","status-publish","hentry"],"aioseo_notices":[],"_links":{"self":[{"href":"https:\/\/oh-mobility.com\/index.php?rest_route=\/wp\/v2\/pages\/231","targetHints":{"allow":["GET"]}}],"collection":[{"href":"https:\/\/oh-mobility.com\/index.php?rest_route=\/wp\/v2\/pages"}],"about":[{"href":"https:\/\/oh-mobility.com\/index.php?rest_route=\/wp\/v2\/types\/page"}],"author":[{"embeddable":true,"href":"https:\/\/oh-mobility.com\/index.php?rest_route=\/wp\/v2\/users\/1"}],"replies":[{"embeddable":true,"href":"https:\/\/oh-mobility.com\/index.php?rest_route=%2Fwp%2Fv2%2Fcomments&post=231"}],"version-history":[{"count":5,"href":"https:\/\/oh-mobility.com\/index.php?rest_route=\/wp\/v2\/pages\/231\/revisions"}],"predecessor-version":[{"id":241,"href":"https:\/\/oh-mobility.com\/index.php?rest_route=\/wp\/v2\/pages\/231\/revisions\/241"}],"wp:attachment":[{"href":"https:\/\/oh-mobility.com\/index.php?rest_route=%2Fwp%2Fv2%2Fmedia&parent=231"}],"curies":[{"name":"wp","href":"https:\/\/api.w.org\/{rel}","templated":true}]}}